 the prime factors of 185297?
7, 103, 257
What are the prime factors of 3026303?
7, 97, 4457
What are the prime factors of 4485697?
349, 12853
List the prime factors of 1401980.
2, 5, 70099
What are the prime factors of 2424723?
3, 7, 19, 59, 103
What are the prime factors of 18672371?
18672371
What are the prime factors of 10863807?
3, 3621269
List the prime factors of 14876347.
14876347
List the prime factors of 43294.
2, 21647
List the prime factors of 3976284.
2, 3, 13, 71, 359
List the prime factors of 290668.
2, 7, 1483
List the prime factors of 24388.
2, 7, 13, 67
What are the prime factors of 3954156?
2, 3, 433, 761
List the prime factors of 1447432.
2, 7, 25847
List the prime factors of 213697.
11, 19427
List the prime factors of 6501294.
2, 3, 361183
What are the prime factors of 265450?
2, 5, 5309
What are the prime factors of 17814169?
43, 414283
List the prime factors of 977280.
2, 3, 5, 509
What are the prime factors of 1278271?
23, 149, 373
What are the prime factors of 260624?
2, 7, 13, 179
What are the prime factors of 302472?
2, 3, 4201
What are the prime factors of 18284813?
2521, 7253
List the prime factors of 3063799.
3063799
What are the prime factors of 105579?
3, 11731
What are the prime factors of 3650347?
179, 20393
What are the prime factors of 4522900?
2, 5, 31, 1459
What are the prime factors of 2209443?
3, 107, 6883
List the prime factors of 6229703.
79, 78857
List the prime factors of 2761778.
2, 1380889
List the prime factors of 328839.
3, 7, 2237
What are the prime factors of 720376?
2, 53, 1699
List the prime factors of 234372.
2, 3, 19531
List the prime factors of 17842813.
113, 157901
List the prime factors of 6082895.
5, 7, 13, 29, 461
List the prime factors of 1463891.
11, 13, 29, 353
What are the prime factors of 17013705?
3, 5, 1134247
What are the prime factors of 154262?
2, 137, 563
List the prime factors of 6441076.
2, 19, 84751
What are the prime factors of 4860959?
4860959
List the prime factors of 1057562.
2, 11, 53, 907
What are the prime factors of 7171687?
193, 37159
What are the prime factors of 6898252?
2, 23, 97, 773
What are the prime factors of 7025774?
2, 7, 501841
List the prime factors of 52966.
2, 71, 373
List the prime factors of 44468.
2, 11117
What are the prime factors of 83510?
2, 5, 7, 1193
What are the prime factors of 557881?
113, 4937
What are the prime factors of 1371564?
2, 3, 31, 1229
List the prime factors of 122611.
122611
What are the prime factors of 2271449?
97, 23417
What are the prime factors of 681223?
157, 4339
List the prime factors of 21120650.
2, 5, 79, 5347
List the prime factors of 2410867.
2410867
List the prime factors of 71328.
2, 3, 743
List the prime factors of 3197651.
37, 86423
What are the prime factors of 10023570?
2, 3, 5, 111373
List the prime factors of 5831483.
7, 251, 3319
What are the prime factors of 4305300?
2, 3, 5, 113, 127
List the prime factors of 1861502.
2, 109, 8539
List the prime factors of 6534349.
6534349
What are the prime factors of 5633047?
7, 29, 27749
List the prime factors of 5655606.
2, 3, 11, 85691
List the prime factors of 2939798.
2, 37, 39727
What are the prime factors of 289688?
2, 7, 739
What are the prime factors of 275236?
2, 13, 67, 79
What are the prime factors of 15584258?
2, 31, 251359
What are the prime factors of 18616259?
18616259
List the prime factors of 314044.
2, 78511
List the prime factors of 14877010.
2, 5, 163, 9127
What are the prime factors of 1211853?
3, 403951
List the prime factors of 291547.
291547
What are the prime factors of 565143?
3, 257, 733
List the prime factors of 667411.
89, 7499
What are the prime factors of 18320328?
2, 3, 13, 23, 37
What are the prime factors of 925817?
521, 1777
List the prime factors of 230610.
2, 3, 5, 7687
List the prime factors of 977403.
3, 7, 61, 109
What are the prime factors of 88993?
88993
List the prime factors of 175395.
3, 5, 11, 1063
List the prime factors of 7070531.
13, 543887
What are the prime factors of 555932?
2, 13, 10691
What are the prime factors of 126565?
5, 17, 1489
What are the prime factors of 2818034?
2, 1409017
What are the prime factors of 2426945?
5, 485389
What are the prime factors of 9854838?
2, 3, 7, 29, 31
What are the prime factors of 73318?
2, 7, 5237
List the prime factors of 5565977.
23, 139, 1741
List the prime factors of 732144.
2, 3, 7, 2179
List the prime factors of 640063.
37, 17299
What are the prime factors of 158737?
181, 877
List the prime factors of 1546424.
2, 11, 17573
What are the prime factors of 2574913?
11, 234083
What are the prime factors of 9014254?
2, 367, 12281
List the prime factors of 589455.
3, 5, 13099
What are the prime factors of 3275034?
2, 3, 7, 77977
List the prime factors of 3772153.
7, 11, 48989
List the prime factors of 3662680.
2, 5, 7, 103, 127
What are the prime factors of 1809831?
3, 353, 1709
What are the prime factors of 829558?
2, 414779
List the prime factors of 3587267.
3587267
What are the prime factors of 288485?
5, 57697
What are the prime factors of 14872?
2, 11, 13
What are the prime factors of 12517351?
7, 11, 162563
List the prime factors of 2607562.
2, 17, 271, 283
List the prime factors of 8622.
2, 3, 479
What are the prime factors of 2390028?
2, 3, 151, 1319
What are the prime factors of 683516?
2, 107, 1597
What are the prime factors of 52966?
2, 71, 373
List the prime factors of 8984974.
2, 4492487
What are the prime factors of 2122575?
3, 5, 7, 13, 311
List the prime factors of 2997471.
3, 821, 1217
What are the prime factors of 1639879?
1639879
What are the prime factors of 2535062?
2, 1267531
What are the prime factors of 2094985?
5, 418997
What are the prime factors of 831680?
2, 5, 23, 113
What are the prime factors of 370635?
3, 5, 24709
What are the prime factors of 2881969?
23, 125303
List the prime factors of 1244050.
2, 5, 139, 179
What are the prime factors of 1071861?
3, 7, 43, 1187
What are the prime factors of 325917?
3, 12071
List the prime factors of 7789385.
5, 41, 37997
List the prime factors of 278899.
131, 2129
What are the prime factors of 1292893?
7, 19, 9721
What are the prime factors of 1392253?
1392253
What are the prime factors of 3105525?
3, 5, 47, 881
What are the prime factors of 2520980?
2, 5, 7, 11, 1637
List the prime factors of 1210181.
7, 172883
What are the prime factors of 1508626?
2, 7, 197, 547
List the prime factors of 298001.
11, 27091
What are the prime factors of 6246362?
2, 3123181
What are the prime factors of 702633?
3, 234211
List the prime factors of 14947697.
101, 147997
List the prime factors of 4200811.
389, 10799
List the prime factors of 11780.
2, 5, 19, 31
What are the prime factors of 4059759?
3, 11, 43, 2861
What are the prime factors of 357913?
357913
What are the prime factors of 5823?
3, 647
List the prime factors of 184295.
5, 29, 31, 41
What are the prime factors of 1915245?
3, 5, 4729
What are the prime factors of 13708158?
2, 3, 19, 120247
What are the prime factors of 3338352?
2, 3, 97, 239
List the prime factors of 510758.
2, 19, 13441
List the prime factors of 6921570.
2, 3, 5, 230719
What are the prime factors of 125552?
2, 7, 19, 59
What are the prime factors of 12782?
2, 7, 11, 83
What are the prime factors of 3585182?
2, 1792591
List the prime factors of 237446.
2, 11, 43, 251
List the prime factors of 16688222.
2, 269, 31019
What are the prime factors of 28830612?
2, 3, 1291, 1861
What are the prime factors of 1021828?
2, 255457
List the prime factors of 4460150.
2, 5, 89203
List the prime factors of 73121.
73121
List the prime factors of 141488.
2, 37, 239
What are the prime factors of 260627?
17, 15331
What are the prime factors of 1011214?
2, 505607
List the prime factors of 3536746.
2, 1768373
What are the prime factors of 170334?
2, 3, 9463
List the prime factors of 1913544.
2, 3, 2953
List the prime factors of 795521.
379, 2099
List the prime factors of 108271.
108271
List the prime factors of 5042855.
5, 1008571
List the prime factors of 3278171.
13, 461, 547
List the prime factors of 661748.
2, 165437
List the prime factors of 860929.
860929
What are the prime factors of 691615?
5, 138323
What are the prime factors of 569598?
2, 3, 94933
What are the prime factors of 5756228?
2, 757, 1901
What a